7.
-19
What is the value of -10 - (10 - (11 - (5 - 11)))?
-3
What is (1 - (4 + -11 - -17)) + -12?
-21
(-5 - (-7 + -2) - 0) + 0 + 0
4
Calculate (-111 - -97 - (2 - 14)) + 13.
11
Calculate -4 + 15 - 9 - (-7 - 0).
9
Evaluate -13 + 14 + (-6 - -2 - (-12 - 10)).
19
Calculate 3 + -50 + (54 - -26).
33
What is the value of -3 + 2 + -1 + (-89 - -103)?
12
Calculate 1660 + -1688 - (1 - 12).
-17
-21 + 25 + 2 + -3 + 6
9
What is 18 - ((-15 - 13) + 58)?
-12
-24 + (-12 - -42) + (-2 - -2) + -2
4
What is -2 - (-13 - (10 + -11 + 5))?
15
Evaluate 4 - 2 - (-7 + (21 - 18) + -18).
24
-12 - (14 + -26) - 17 - (1 + -7)
-11
Evaluate -31 + 3 + 7 + (-1 - -10) + -1.
-13
What is the value of (-13 - -2) + -13 + (-9 - -16) + 7?
-10
Evaluate (-108 - -99) + (13 - 0 - 0).
4
Evaluate -52 + 34 + 3 + 3 + 1.
-11
Calculate 3 + 0 + (-44 - -38).
-3
What is the value of -2 + (1 - 1) + (846 - 837) + -2?
5
Evaluate -4 - ((-7 - 2) + 5 + -10 + 2).
8
Evaluate 0 + (-2 - 18 - -10).
-10
Calculate (-16 - 2) + (3 - -11) + -7 - 3.
-14
What is 19 + (-6 - 10 - -5 - -7)?
15
Evaluate -21 + 23 + -18 + 3.
-13
Evaluate -8 + -21 + (-6 - -25).
-10
Calculate -11 + 23 + -14 + 10.
8
Evaluate 16 + -17 + (-6 - -10).
3
10 - -1 - (-6 - (5 + -16) - 2)
8
2 + -7 - 17 - (-54 + 54)
-22
Calculate (25 - (-12 + 57)) + 30.
10
Calculate (-5 - (-1 + 3)) + 0 + 5 - 11.
-13
Evaluate 27 - (15 - -1 - 0).
11
-6 - -26 - (11 - 5)
14
Calculate -1 + 2 + (77 - 36) + -49.
-7
-8 + 40 - (-2 - -43)
-9
Evaluate -1 + 5 + (-25 - (-1 - (-10 + 21))).
-9
Calculate (0 + 3 - 3) + 19 + -9 + -11.
-1
-49 + 52 - (-4 - -3)
4
-3 + (12 - (22 + 5 + -10)) + 12
4
Calculate -9 - ((-10 - 0) + 4) - (-4 - -1).
0
Calculate (25 - 31) + -3 + -4 + -4 + 8.
-9
What is -10 - (-128 + 128 - (1 - -10))?
1
What is the value of (3 + -2 + 0 - 5) + -9 + 9?
-4
What is the value of 11 + -3 - (-21 - -40 - 31)?
20
What is the value of 0 - (-7 - -19 - 10)?
-2
Evaluate 17 - 2 - (277 + -241).
-21
Evaluate 17 + -13 + -3 + 0.
1
What is 26 - ((45 - 14) + -17 - (5 + 1))?
18
What is the value of 9 + (-3 - -14) + 10 + -7 - 1?
22
Calculate -2 + 18 + -13 + 4.
7
Calculate -8 + 26 - 48 - -43.
13
58 + -70 + 6 - (3 - (1 + -3))
-11
Evaluate -18 - (-2 + -40) - 7.
17
Calculate (-9 + 9 - -8) + 11 + -21 + -5.
-7
(1 - 8 - (1 + 2 + 3)) + 2
-11
What is the value of 10 + 5 + 9 + -38?
-14
4 - (-12 + 16 - 9 - (-1 + -11))
-3
What is the value of 1 + -11 + -257 + 258?
-9
What is the value of 1 + (-2 - (6 - 11)) - 10?
-6
18 + (-1 - 0) - (-61 - -24 - -37)
17
What is -20 - (21 - 35) - 29?
-35
What is the value of -3 + 6 + -20 - 5 - (-8 + 1)?
-15
Calculate (-15 - -21) + 25 + -15.
16
(1 + -5 - -16) + -85 + 48 + -9
-34
What is (-10 - (-23 - 1)) + (-12 + -1 - -2)?
3
What is the value of 3 + 6 + -4 + 0 + -9 - 9?
-13
Calculate 4 - (2 + 13) - -20.
9
What is (11 - (0 + 21)) + (33 - 2 - -4)?
25
Calculate -9 - -19 - (2 + 24 + (5 - -4)).
-25
What is the value of (2 - (-2 - -8) - -11) + 1 - 20?
-12
What is -17 + (-4 - (-1 + 3) - (85 + -91))?
-17
1 - -13 - (-2 + -11 + 8 + 2)
17
What is the value of -2 + -22 + 2 + 1 + (-4 - -5)?
-20
Evaluate 0 + -22 + -22 + 55 + -31.
-20
What is -32 - -4 - (3 + 1 + 12 + -23)?
-21
What is (-11 - (-2 + -1)) + 10?
2
4 - 13 - ((18 - 7) + -12)
-8
-11 - (8 + 0 + -15 + 2)
-6
Calculate 2 + (0 - 37) - (87 - 101).
-21
What is the value of 1 + -4 + 0 - (-2202 - -2228)?
-29
Evaluate 60 - 46 - ((2 - 2) + 6) - -2.
10
What is 12 + -1 + 1009 + -1036?
-16
Calculate (-12 + -7 - -57) + -38.
0
Evaluate -81 + 68 - (-2 + (-3 - -7)).
-15
What is (0 - -2 - 0 - -2) + (204 - 199)?
9
Calculate -11 - (-3 + -1) - -12.
5
Calculate 7 - ((1 + -1 - (17 + -11)) + 20).
-7
(3 - 0) + (-62 + 49 - (0 + -20))
10
What is 18 + (-39 - -26) - 10?
-5
Evaluate (2 - (4 + 4 + -9) - 5) + -23.
-25
Evaluate 1 - 1 - (-1 - (-11 - -10 - -4)).
4
Evaluate 14 + 16 + -12 - 13.
5
-4 - ((-1 - -44) + -39)
-8
Calculate 1 + (28 - (2 + 13)).
14
What is (-6 - -11 - 18) + (-64 - -62)?
-15
Evaluate 9 - 0 - (-2 + 1 - (36 - 35)).
11
Evaluate -14 - (-10 - (39 + -7)).
28
What is the value of 6 - (8 - (7 - 1))?
4
What is the value of (-3 - -1) + (7 - (0 - (-2 - 8)))?
-5
Evaluate (-3 - -11) + (-30 - (-16 + 23)).
-29
Calculate (8 - 1 - ((-8 - -6) + -1)) + -11.
-1
Evaluate -4 - (-12 - (3 - 7)) - (-9 - -5).
8
Calculate 14 + -12 + (-3 - (-1 - -1)) + -3.
-4
-17 + -9 - (5 + -23)
-8
Calculate (1 + (1 - 1) - 4) + 1.
-2
6 + 6 - 11 - (-2 + 2)
1
What is 9 - ((27 - 10 - 10) + -17)?
19
Calculate -14 + (8 - -16 - 25).
-15
Calculate (-25 - -46) + 1 + -5 + 3 + 7.
27
Evaluate 9 - 1 - (-6 + 28) - -3.
-11
Evaluate -13 - (-18 + 11 + 12 - (0 + 6)).
-12
Calculate 7 + -3 + 81 + -66.
19
Evaluate 17 + 4 - ((-7 - -15) + -5).
18
Calculate 2 - (-60 - -74 - (1 - (-2 + 4))).
-13
Evaluate 10 - (4 + -5 + 11).
0
Calculate 4 + 7 + (-10 - -5) + 3.
9
What is the value of 46 + (-2 + 27 - 59)?
12
What is the value of 27 - (4 + -8) - (9 - (-3 + 8))?
27
Evaluate 0 + 2 + 39 + -31 + -18.
-8
What is the value of 4 + 17 + (13 - -3) + (7 - 16)?
28
Evaluate 14 - (4 - -17) - -8.
1
Evaluate (1 - 1) + (11 + -7 - 9) + -4.
-9
What is the value of -1 - 1 - (-166 - -172)?
-8
Calculate -8 + (-13 - 2) + 10.
-13
What is 6 + 1 + -5 + -17 + (13 - -2)?
0
Evaluate -8 - 5 - (18 - 10 - 13).
-8
-1 + (24 - (-3 + 13 - -3))
10
Evaluate (1 - 8) + (27 - (30 + -5)).
-5
(6 - 1) + (34 + -53 - -13)
-1
Calculate 8 - (-46 + 4 + 22 + (6 - 0)).
22
What is (312 - 322) + (26 - -2)?
18
Evaluate -19 - (-30 + 7) - (2 - -8).
-6
Evaluate 20 + -37 + 11 - (2 + (7 - 0)).
-15
What is (-10 - 5) + (-5 - -8) + 6?
-6
What is the value of (15 - 15) + (3 - (-3 + (8 - -2)))?
-4
-34 + 1 + -973 + 1010
4
Calculate 5 - (-6 - -26) - (-2 - (-6 - -5)).
-14
What is the value of 4 + (-20 - -16) - 5?
-5
Calculate -23 - (9 + 23 + -70).
15
Calculate 1 + -7 + 1 + (84 - 80) + 9.
8
14 + 5 - (27 + -15 + 2)
5
(3 + 14 + -5 - (8 + -6)) + -4
6
What is the value of 6 - -10 - (-45 + 44)?
17
What is -15 + (12 - (5 + -19)) + 2?
13
What is 9 + (-6 - ((-3 - -16) + -12))?
2
Calculate 2 + -56 + 16 - -26.
-12
What is 9 - (10 - (-4 - 1))?
-6
Calculate -3 - ((-30 - -16) + 2).
9
Evaluate -4 - (-3 - (10 + 2 + -7)) - -3.
7
What is the value of 0 + -3 - (-2 - (-9 - (0 + -5)))?
-5
Evaluate (-24 + 0 - (-285 + 295)) + 14.
-20
What is (55 - 19) + -30 + -8?
-2
What is the value of -22 + (17 - (-10 + 8)) + (-1 - 0)?
-4
Evaluate -10 + (2 + 19 - 7).
4
Evaluate 8 + 29 + -31 + -37.
-31
Calculate -98 + 90 + -2 + -2.
-12
What is the value of (19 - 15) + -12 - -9?
1
Evaluate 31 - (-3 - (-30 - -18)).
22
Evaluate (-1 - 6) + 3 + -3 - (52 + -65).
6
Evaluate -1 + 2 - 7 - 10 - (-13 - -7).
-10
What is 0 + 6 + -57 + 63?
12
What is the value of (-2 - (-3 + -10)) + -13 - -16?
14
Evaluate (-8 - 1) + 761 + -739.
13
Calculate (242 - 224) + (-14 - -2).
6
Evaluate ((7 - 2) + -2 - 7 - -1) + 2.
-1
(3 - (-4 - -8)) + (0 - 0) - 2
-3
(-5 - -1) + -4 + 8 - -3 - -16
19
5 + 1 + (-3 - -3 - 13)
-7
Evaluate -79 - -73 - (-3 - (2 - 2)).
-3
What is 6 - (5 - (13 + -2 + -3))?
9
Evaluate 12 - 9 - (5 + -3).
1
What is the value of (4 - -2) + -22 + 7 + 10?
1
What is (-19 - 0) + 29 + -18 + (-4 - 6)?
-18
Evaluate -9 + -14 + -7 + (15 - (-1 + 1)).
-15
Evaluate (-3 + -2 - (86 - 81)) + 38.
28
Calculate 1 + -40 + 37 + -20.
-22
Evaluate 1 + 1 + 3 - -1 - (107 + -114).
13
Evaluate 0 - (-13 + (19 - -3)).
-9
1 + 0 + -20 + -138 + 140
-17
What is the value of -36 + (-44 - -32) + 30?
-18
Calculate -12 + 3 + (7 - 6).
-8
What is -22 + 16 + -7 + (7 - -10)?
4
What is the value of -6 + (0 - -6) + (16 - -1) + 0?
17
Calculate -8 - (2 - (-13 - -19)).
-4
Calculate 28 + (-34 - -10) + (-13 - 0).
-9
What is the value of 180 + -166 - (-1 - 4)?
19
What is 0 + 33 - (1343 + -1319)?
9
What is the value of -1 - (6 - (3 - -6)) - 1?
1
(10 - 3 - 33) + 1 + 10
-15
4 - 4 - (2 - (-12 + 34))
20
Evaluate 12 + -11 + (3 - (2 + -15)).
17
Calculate -21 - (-28 + -11 + 37).
-19
-25 + -1 + -25 + (30 - 10) + 7
-24
Calculate -8 + 7 - -8 - (8 - 6).
5
What is 5 - (-3 + (-16 - -7))?
17
What is 35 + -48 + 18 + (-43 - -1 - 2)?
-39
What is the value of -6 + 1 + 5 + -4 + 8?
4
What is the value of -78 - -62 - (3 + -26)?
7
Calculate 6 + (-16 - (11 + -5)).
-16
Evaluate 9 - -5 - (2 - -1).
11
What is 13 - (46 + (3 - 20))?
-16
-41 + (87 - (-27 - -45))
28
(42 - 46 - -16) + -38
-26
Calculate 8 - (17 - (3 + -6 + 2)).
-10
What is (23 + -9 - -2) + (-1 - -3 - -4)?
22
Calculate -2 + -4 - (20 + (2 - 15)